p = d + 1. Suppose 5*i - 9726 = -d*z, 3*i - 56 = 5*z + 5800. What are the prime factors of i?
3, 11, 59
Suppose -r + m - 6*m + 851 = 0, -2*r - 4*m + 1702 = 0. Suppose 5*x = -5*p + 2460, -1639 - r = -5*x + 5*p. List the prime factors of x.
3, 5, 11
Suppose -305*x + 5134907 = -1250573. List the prime factors of x.
2, 2617
Suppose -1019 - 2829 = -4*k. Suppose 7*c - k = 529. What are the prime factors of c?
3, 71
Let y be (-42 - -36)*2/(-4). Suppose y*m + 3*k - 721 = m, m - 341 = 5*k. List the prime factors of m.
2, 89
Let q be (800774/266 - (-3)/(-7))/1. Suppose 60*y - 67*y = -q. What are the prime factors of y?
2, 5, 43
Let l = -12241 + 24357. What are the prime factors of l?
2, 13, 233
Suppose -2*r - 5*i + 303 = 290, 0 = 3*r + 5*i - 22. Let d(l) = 2*l + 1. Let w be d(1). What are the prime factors of (-25)/(-3*w/r)?
5
Suppose -2*o + 42860 = -u, 2*u + 25352 = o + 3934. List the prime factors of o.
2, 7, 1531
Let y(j) = -8349*j**3 + 5*j**2 - 18*j - 19. List the prime factors of y(-1).
8353
Let t(x) = -x**3 - 2*x**2 - x + 1. Let s(k) = -8*k**2 + 5*k - 6. Let h(w) = -s(w) - t(w). List the prime factors of h(-7).
2, 3, 5
Let x = 15 + -24. Let r be -2 + 3 + x/12*-4. Let v(g) = -g**3 + 5*g**2 + 10*g - 3. What are the prime factors of v(r)?
53
Let h(s) = -s - 1. Let u = 38 + -36. Let l be h(u). List the prime factors of (-462)/(1 - 4)*l/(-6).
7, 11
Let s = 14088 - 6643. What are the prime factors of s?
5, 1489
Suppose -27 - 65 = -2*i. List the prime factors of (-73139)/(-253) + (-4)/i.
17
Let k = 62 - 94. Let x = k + 116. What are the prime factors of x/6 + 4/(-4)?
13
Suppose 0 = l + 2*l. Let b(z) = 2*z + 35. Let t be b(l). Let x = 89 - t. List the prime factors of x.
2, 3
Let q(f) = 14*f - 14. Let c be q(3). Let l(h) = -9*h**2 + 8*h**2 + c + 10*h - 7. What are the prime factors of l(11)?
2, 5
Suppose -26*b = -19*b - 5313. Suppose -5*x + b + 371 = 0. What are the prime factors of x?
2, 113
Let z(x) = x**3 + x**2 - 9*x + 1. Let u be z(-12). Let b be (-2)/4 + (u/(-10) - 3). Let g = b + 10. What are the prime factors of g?
2, 7, 11
Let d = 55874 + -23502. List the prime factors of d.
2, 8093
Let p(g) = -g**2 + 11*g + 20. Let b be p(13). List the prime factors of (-736)/(-4)*(-9)/b.
2, 3, 23
Suppose y - 5*y - 3*z = -8, y = -z + 1. List the prime factors of 1863 - (2 + y + -3)/1.
11, 13
Let d(c) = -c**3 + 26*c**2 - 52*c + 31. Let o be d(24). Let u = 68 + o. List the prime factors of 1*u/(18/1254).
11, 19
Let z = -498 + 536. Suppose -5*k + 177 = -z. What are the prime factors of k?
43
Suppose 5*u + 2*w - 136 = 0, -6*w + w + 119 = 4*u. Suppose -5*z + u = 6. Suppose 0 = 7*j - 2*j - z*l - 211, 0 = j + 5*l - 19. What are the prime factors of j?
3, 13
Let i(b) = 2*b**3 - 31*b**2 - 10*b - 64. What are the prime factors of i(19)?
2273
Let l = -70 - -74. Suppose -m - l*m + m = 0. List the prime factors of (60 - -4) + (-2 - (2 + m)).
2, 3, 5
Suppose -4*t - 52 = -7*t + 4*z, -63 = -2*t - 3*z. Suppose k - 46 = -t. List the prime factors of k/3 + 4/(-12).
7
What are the prime factors of (-10 + 12)/((-1)/(-37)*-4)*-198?
3, 11, 37
Let m be 130/156 - (-134)/12. Suppose 3883 = -m*b + 23*b. List the prime factors of b.
353
Suppose -2*w = 83*h - 85*h - 4400, -2*h - 2201 = -w. What are the prime factors of w?
3, 733
List the prime factors of 1011*7/(-21)*-46.
2, 23, 337
Suppose 2*l - 4182 = -3*x, -l = -0*x + 4*x - 2086. Suppose l = 136*j - 130*j. List the prime factors of j.
349
Let l(j) = -2*j + 60. Let b be l(21). Suppose -b*m + 360 = -9*m. List the prime factors of m.
2, 5
Let t be (-11 - -10)*40/(-1). Let i be t/10 + -63 + -2. Let m = i + 125. What are the prime factors of m?
2
Suppose -w + j = 2, -3*w - 5*j + 10 = -4*j. Suppose 13 = -2*z - 0*z + 5*s, -11 = -5*z - w*s. Let b(c) = 23*c**2 + 2. List the prime factors of b(z).
5
Let i = -1906 - -5754. List the prime factors of i.
2, 13, 37
List the prime factors of -8 - (-954)/117 - 1584369/(-39).
5, 13
Let v be (48/80*-102)/(1/40). Let x = -879 - v. What are the prime factors of x?
3, 523
Let p(s) = s**2 + 25*s - 56. Let x be p(-27). Let n(b) = 58*b**2 - 5*b - 6. What are the prime factors of n(x)?
2, 59
Let g(b) = 22*b**2 + 91*b - 155. What are the prime factors of g(42)?
5, 1699
Suppose -123*z + 30 = -117*z. Suppose -3*h - 9 = -a + 4, 4*h - 20 = -4*a. Suppose a*g = z*g + 40. List the prime factors of g.
2, 5
Let c = 235 - 225. Suppose -c*s + 243 = -87. List the prime factors of s.
3, 11
Let b(m) be the second derivative of -187*m**3/6 + 2*m**2 + 14*m - 2. What are the prime factors of b(-1)?
191
Let l = 8863 - -39151. What are the prime factors of l?
2, 24007
Suppose 0 = -410*s + 404*s + 24. Let a(p) = 2*p**3 - p**2 - 11. What are the prime factors of a(s)?
101
Let z be (-2)/((-32)/(-4))*0. Suppose -2*r = -r - z*r. Suppose r = 5*y - 4*y - 74. List the prime factors of y.
2, 37
Suppose 20 = 10*i - 10. Let x(j) be the first derivative of j**4 - j**3/3 - 2*j**2 + 10*j + 1. What are the prime factors of x(i)?
97
Let b(f) = f**2 - 7. Let u be b(3). Suppose 0 = -2*h - w + 3, 0 = -5*h + 2*h - u*w + 6. Suppose h = 3*v + 86 - 644. List the prime factors of v.
2, 3, 31
Suppose 3*r + 3*n - 21816 = 0, -2*n = 27*r - 29*r + 14556. What are the prime factors of r?
3, 5, 97
Let r(p) = -2*p**3 + 3*p. Let u be r(-2). Suppose 4 - 33 = -3*k + 4*t, -u = 5*k + 5*t. List the prime factors of (-1)/(550/(-780) + 2/k).
2, 13
Let n = 7567 - -30198. What are the prime factors of n?
5, 7, 13, 83
Let z = -592 + 589. Let b(u) = 5 + 7*u**2 + u + 0*u**2 - 3. List the prime factors of b(z).
2, 31
Let q = -1000 - -1634. Let m = -97 + q. What are the prime factors of m?
3, 179
Suppose 0 - 20 = -4*u - 5*n, 3*u - 26 = -n. Let z be ((-30)/(-9))/(-2 + u/6). List the prime factors of 6/z - ((-3840)/25 + -5).
2, 79
Let a(p) = 1363*p**2 + 100*p + 7. What are the prime factors of a(-2)?
3, 1753
Suppose 2*g - 5 = s, 13*g - 9*g - 40 = -4*s. Suppose -158 = -3*z + z + 4*d, 380 = g*z - 5*d. List the prime factors of z.
73
Let w(x) = -5*x - 149. Let h be w(-28). List the prime factors of (-6159)/h + (-5)/15.
2, 3, 19
Let p(j) = 2426*j + 933. What are the prime factors of p(10)?
7, 59, 61
Let z = -17602 - -25749. What are the prime factors of z?
8147
List the prime factors of (-8)/(-10)*350675/26.
2, 5, 13, 83
Let d(t) = -144*t**3 - 3*t**2 - 60*t + 17. What are the prime factors of d(-8)?
101, 733
Let s be (-2)/(-4) - (-3)/2. Let w(o) = 839*o - 2. Let g be w(s). List the prime factors of g/30 + 2/15.
2, 7
Let r(g) = 21*g - 144*g + 7*g - 17. Suppose 0*z = 33*z + 66. What are the prime factors of r(z)?
5, 43
Let q(m) = -2*m**3 + 8*m**2 + 14*m - 16. Let g be q(5). Suppose 4*v = 5*u + 3392, -3*v + g*u - 67 = -2612. List the prime factors of v.
3, 281
Let d be 37 - ((1 - 0) + -1). Let a = d - 32. Suppose 10 = a*k - 4*k. List the prime factors of k.
2, 5
Suppose -10*i - 4 = -2*c - 8*i, -i - 5 = -2*c. Let p(x) = x**2 - 4*x - 2. Let j be p(5). What are the prime factors of 1 + c*(j - 1)?
7
Let v be -2 - -6 - (6 - 2). Suppose v*p = -4*p + 472. Suppose 462 + p = 4*y. List the prime factors of y.
5, 29
List the prime factors of 6/((-6)/(-5)) + 4820.
5, 193
Let b(m) = 281*m**2 - 7*m - 7. Let t be b(-1). Let w = t - 30. What are the prime factors of w?
251
Let a(u) = -11*u - 70. Let m be a(-7). Let l(r) = r**3 + 4*r**2 + 5*r + 11. List the prime factors of l(m).
3, 5, 13
Suppose -29*l + 357137 + 97989 = 28188. What are the prime factors of l?
2, 17, 433
Suppose -5*w + 10 = 0, -m - w + 546 = -16401. What are the prime factors of m?
5, 3389
Let o = -118 - -131. Let g(r) = -8*r**3 + r**2 + o + 13*r - 22*r**2 + 7*r**3. List the prime factors of g(-22).
211
Let k be 14 + -10 + (3 - 3)*1. Suppose -k*z + 3066 = -462. What are the prime factors of z?
2, 3, 7
Suppose 5*g = -3*x + 45397, -145*x - 3*g - 75707 = -150*x. What are the prime factors of x?
15139
Let z = 22565 - 15597. List the prime factors of z.
2, 13, 67
Let b = 743 + -785. Let q(r) = 7*r**2 + 267*r - 22. What are the prime factors of q(b)?
2, 139
Let x = 1916 - -11765. List the prime factors of x.
13681
List the prime factors of 3 + -8 - 7215936/(-112).
23, 2801
Let h(g) = 2*g**3 - 2*g**2 - g - 3. Let m be h(5). List the prime factors of -2 + 7 + -1 - m/(-6).
2, 3
Let b = -21 + 51. Let p be (-14)/(-105) - 4/b. Suppose -4*w + 35